ime factors of a*(2 - -1 - 2)?
2
Let y be -3 - (-1 - -105)/(-2). Suppose y = 2*w + 7. List the prime factors of (-6)/w + 212/7.
2, 3, 5
Let f = -33 + 55. Suppose 24 = v + f. Suppose m = v*l + 31 + 16, -2*l + 259 = 5*m. What are the prime factors of m?
3, 17
Let z(m) = 12*m**2 + 10*m + 38. List the prime factors of z(-4).
2, 5, 19
Suppose -4229 = 7*y - 23822. List the prime factors of y.
3, 311
Let x be (-238)/(-8) - (-45)/(-60). Let y = -21 + x. Suppose 0 = -r - 5*v + y - 3, -70 = -2*r + 5*v. What are the prime factors of r?
5
Let d = -410 + 650. What are the prime factors of d?
2, 3, 5
Suppose -3*q + 10*s - 5*s = -2709, 4*q - 3612 = 3*s. What are the prime factors of q?
3, 7, 43
Let i(q) be the first derivative of -q**4/4 - 4*q**3/3 - q**2/2 - 4*q + 1. Let a = 227 - 232. What are the prime factors of i(a)?
2, 13
Suppose 4*u - 570 = 2094. What are the prime factors of u?
2, 3, 37
Let v(p) = 3*p**2 - 6*p - 19. Suppose -5*t + 3*f - 28 = 14, -2*f = -8. What are the prime factors of v(t)?
5
List the prime factors of -2 - 4138/3*(-18)/12.
3, 13, 53
Let b(m) = m**2 - 5*m - 12. Let f be b(-4). Suppose 4*u - w + 24 = 2*u, 4*w + 2 = u. Let c = f + u. List the prime factors of c.
2, 5
Let u(s) = 5*s**2 + 1. Let q be u(-1). Suppose 2*t = -0*t + q. Suppose -t*n = -5*x - 2*n + 178, 155 = 4*x - 5*n. List the prime factors of x.
5, 7
Let i be (-10)/35 + -3*12/21. Let w = 30 + i. List the prime factors of w.
2, 7
Suppose -8*b - 2*b + 20 = 0. Suppose 6*l = -b*l + 544. What are the prime factors of l?
2, 17
Suppose 4*h - 3*l - l = -84, 3*h + l = -51. Let o(w) = -3*w - 19. List the prime factors of o(h).
5, 7
Let g = -795 - -2428. List the prime factors of g.
23, 71
Let v(x) = x**3 + 3*x**2 - 5*x - 2. Let z be v(-3). Let g = -10 + z. Suppose 0 = -d + 3*s, 0 = -2*d - g*s + 8 + 37. List the prime factors of d.
3, 5
Let o be (-13 + -2)*2/(-2). Suppose 0 = -5*c - 25, m - 6*m = -2*c - o. What are the prime factors of m/(1*(-3)/(-81))?
3
Let u(t) = -19*t**3 + 2*t**2 + 1. Let v be u(2). Let n = v - -264. List the prime factors of n.
11
Suppose 3*v - 2*v - 60 = 0. Let q = -152 + 154. Suppose n = -q*n + v. What are the prime factors of n?
2, 5
Suppose 2*v + 2 = 3*c, -4*v + 1 = 5*c + 5. Let d(z) = 17*z**2 + z + 3. List the prime factors of d(v).
19
Let w = 116 + -113. Suppose 4*c - 3*d + 6*d - 891 = 0, 4*c + 4*d = 888. Suppose 8*g - c = w*g. What are the prime factors of g?
3, 5
Let c(m) = 2*m**2 + 21*m - 97. What are the prime factors of c(32)?
43, 61
Let y = 1830 + -617. List the prime factors of y.
1213
Let z = 86 + 343. What are the prime factors of z?
3, 11, 13
Suppose -12 = -2*w - 2*w. Suppose 21 = 4*m - x, -3*m = -w*x + x - 17. Suppose 174 = m*u - 121. List the prime factors of u.
59
Suppose -15*x + 16*x - 5794 = 0. List the prime factors of x.
2, 2897
List the prime factors of 1497/(-2)*(-68)/51.
2, 499
Suppose 5*h + y - 3219 = 2366, -3*y + 2247 = 2*h. Suppose -5*u - u + h = 0. What are the prime factors of u?
2, 3, 31
Suppose -18*l + 10*l - 608 = 0. Let c = -31 - l. What are the prime factors of c?
3, 5
Suppose -13 = -3*a - 1. Suppose -4*u = -a*n - n + 37, 5*u + 25 = 2*n. Suppose n*c - 105 = -2*c. List the prime factors of c.
3, 5
Suppose 16 = 4*g - 4*w, w - 2*w + 4 = 3*g. Suppose -4*a - 835 = -3*d, g*d - 6*a + a = 552. List the prime factors of d.
281
Let g = -375 + 779. What are the prime factors of g?
2, 101
What are the prime factors of -4220*(8/(-16))/(4/2)?
5, 211
Let i(x) = x + 11. Let k be i(5). Suppose k*n - 2994 - 382 = 0. What are the prime factors of n?
211
What are the prime factors of (-132)/(-3)*204/16?
3, 11, 17
Let r be (-1 - -81) + (1 - -1). Let y = -61 + r. What are the prime factors of y?
3, 7
Suppose -2*z = 15 - 19. Suppose 3*q - z*h - 163 = 0, 2*q + h = 4*h + 107. What are the prime factors of q?
5, 11
Let m(q) = q**3 + 56*q**2 + 322*q - 45. List the prime factors of m(-47).
2, 2351
Suppose 5*m - 337 = 138. Let y be (m/15)/(1/15). Suppose 5*b = -5*h + y, 4*b - 116 = -0*h + 4*h. What are the prime factors of b?
2, 3
Suppose k - 106 = 2*z, 4*k - 436 = -0*z + 2*z. Suppose -4*u + 113 = -0*b + b, -2*b = -4*u + k. Suppose 0 = -4*h + 188 + u. What are the prime factors of h?
2, 3
Let m(j) = -3*j - 5. Let g be m(-3). Suppose -3*s - 4*v + 5 = 2, g*s + 3*v = 11. Suppose -s*n + 105 = 3*l, -50 = -4*l + 2*n + 116. List the prime factors of l.
2, 5
Suppose 304 = -3*f - f. Let i = f + 79. List the prime factors of i.
3
Let q = 1172 - 1644. Let a = -195 - q. What are the prime factors of a?
277
Suppose 2*t - 6*t + 7 = 3*i, -4*t + 28 = -4*i. Let a = 9 - i. Suppose 2*u - a = -2*u. List the prime factors of u.
3
Let a = 66 - 59. Suppose 639 = a*r + 156. What are the prime factors of r?
3, 23
Suppose -5*a + 2*a = 5*f - 607, 2*f - 410 = -2*a. What are the prime factors of (-1404)/(-19) - (-22)/a?
2, 37
Let l = -153 - -426. What are the prime factors of l?
3, 7, 13
What are the prime factors of (-49)/1*(-32 + 13)?
7, 19
Let q = -4044 - -6290. List the prime factors of q.
2, 1123
Let i(k) = -k**3 - 5*k**2 - 4*k + 2. Let l be i(-4). Suppose -3*j - 5*b = -507, l*b - 3*b + 507 = 3*j. List the prime factors of j.
13
List the prime factors of ((-40)/25)/(5/(-450)).
2, 3
Let s be (3/(-2))/((-1)/(-34)). Let n = s - -36. Let f = 15 - n. What are the prime factors of f?
2, 3, 5
Suppose -1514 - 11878 = -12*n. What are the prime factors of n?
2, 3, 31
Suppose -20*x + 16*x + a + 1581 = 0, 5*a = -4*x + 1599. What are the prime factors of x?
2, 3, 11
Let w(o) = o**3 - 7*o**2 + 6*o + 48. List the prime factors of w(6).
2, 3
Let x = 13 + -13. Suppose x*y = 4*y - 232. What are the prime factors of y?
2, 29
Suppose 4*n + 4*t + 36 = 0, -6*n + n = 4*t + 45. What are the prime factors of -6*(51/n + -4)?
2, 29
Suppose 4*f - 19 = 4*w - 5*w, -w + 3 = 0. Suppose f*x = 7*x - 48. What are the prime factors of x?
2
Let o = 5 - 3. Let f(t) = -10*t + o - 11*t**2 - 1 + 1 + 10*t**2. List the prime factors of f(-7).
23
Let m(j) = -2623*j + 225. List the prime factors of m(-2).
5471
Let u = 1916 + -207. What are the prime factors of u?
1709
Let m be (8 - 7)/((-3)/(-12)). Let g = 183 + -110. Suppose b - 2*b = m*o - g, 206 = 3*b - o. List the prime factors of b.
3, 23
Suppose 0 = -4*l + 3*d + 247, -5*l + 5*d + 308 = 2*d. Suppose -l = -j + 5*a, -2*a = -4*a - 4. Let q = -23 + j. List the prime factors of q.
2, 7
Let v(r) = -r**3 + 20*r**2 + 27*r - 97. List the prime factors of v(18).
17, 61
Let y(h) = -4*h**2 - 16*h + 25. Let z(i) = -2*i**2 - 8*i + 13. Let v(n) = -6*y(n) + 11*z(n). What are the prime factors of v(5)?
83
Suppose 0 = -56*p + 57*p - 913. What are the prime factors of p?
11, 83
Suppose 3*f + 44 = 3*y + 2*y, -f = -3*y + 24. Let s(u) = -u**2 + 10*u + 7. What are the prime factors of s(y)?
2, 7
Let l(x) = x**3 - 10*x**2 - 6*x - 9. Let c be l(9). What are the prime factors of (-14 - 1)*c/80?
3
What are the prime factors of (4/6)/((-62)/(-3255))?
5, 7
Let p = 75 + -63. List the prime factors of p.
2, 3
Let j(v) = -v**2 - 3*v. Let c be j(-4). Let p = 1 + 0. What are the prime factors of p*15 + (-12)/c?
2, 3
Let w(y) = -2*y + 5. Let h be w(8). Let t = -3 - h. Let v = 11 + t. List the prime factors of v.
19
Suppose 4*l + 2*m = 4*m - 182, -5*m + 5 = 0. Let r be 36*5/(l/(-6)). Suppose 2*u = -3*a + 84, -2*u + r = -4*a + 5*a. List the prime factors of a.
2, 3, 5
Suppose -3*d - 1536 = -10047. List the prime factors of d.
2837
Let q(x) = 2*x + 2*x - 6*x + 10 + 4. Let d be q(8). List the prime factors of (-63)/d - (-8)/16.
2
Let y = -143 + 410. Suppose -4*r + 68 = 5*u - y, -2*u - 5*r + 134 = 0. List the prime factors of u.
67
Let i = -85 - -26. Let d = i + 84. What are the prime factors of d?
5
Let x(t) = 7*t - 4. Let h be x(1). Suppose -228 = -h*f + f. What are the prime factors of f?
2, 3, 19
Let x = 171 - 122. Let j = x + 2. What are the prime factors of j?
3, 17
Let x = 122 - 5. Suppose x = 2*d + d + 3*n, 4*d - 5*n = 111. Let y = 38 - d. What are the prime factors of y?
2
Let b(p) = 0 - 1 + 0*p**2 - p - p**2 + 3*p**3 - 10*p**3. Let k be b(-1). Suppose 151 = k*g + 43. List the prime factors of g.
2, 3
Let b(r) = 2*r + 17. Let j be b(-7). Let i be ((-4)/j)/(8/(-60)). Suppose -i*t + 160 = -6*t. What are the prime factors of t?
2, 5
Let h = 42 + -97. Let r = 112 + h. Suppose 169 = 3*c - v, v - r - 